{"id":91,"date":"2026-01-06T17:35:43","date_gmt":"2026-01-06T17:35:43","guid":{"rendered":"https:\/\/it-digiturva.fi\/?page_id=91"},"modified":"2026-04-09T15:51:01","modified_gmt":"2026-04-09T15:51:01","slug":"ohjeet","status":"publish","type":"page","link":"https:\/\/it-digiturva.fi\/index.php\/ohjeet\/","title":{"rendered":"Vinkkej\u00e4"},"content":{"rendered":"<div class=\"wp-block-post-date__modified-date wp-block-post-date\"><time datetime=\"2026-04-09T15:51:01+00:00\">9.4.2026<\/time><\/div>\n\n\n<p>Tietoturvaan ja yksityisyyteen liittyen on tarjolla paljon ohjeita ja suosituksia. T\u00e4ll\u00e4 sivulla lueteltu mielest\u00e4ni t\u00e4rkeimpi\u00e4:<\/p>\n\n\n\n<ul class=\"wp-block-list\">\n<li>Muista p\u00e4ivitykset! Pid\u00e4 k\u00e4ytt\u00f6j\u00e4rjestelm\u00e4si ja sovellusohjemat aina ajan tasalla. Aktivoi automaattiset p\u00e4ivitykset mik\u00e4li mahdollista.<\/li>\n\n\n\n<li>Huolehdi ett\u00e4 reititin, joka toimii porttina kotiverkkoon, on riitt\u00e4v\u00e4n uusi ja saa automattisia p\u00e4ivityksi\u00e4: vaihda ainakin oletussalasana ja poista et\u00e4hallintamahdollisuus<\/li>\n\n\n\n<li>Lataa sovellusohjelmat vain luetetuista l\u00e4hteist\u00e4. Microsoft Store (Windows), Google Play (Android), App Store Apple\/IOS<\/li>\n\n\n\n<li>Tee jokaiseen palveluun oma salasana. K\u00e4yt\u00e4 salasanojen hallintaohjelmistoa ja generoi riitt\u00e4v\u00e4n monimutkaisia ja pitki\u00e4 salasanoja. Muistettavat salasanalauseet ovat hyvi\u00e4 p\u00e4\u00e4salasanoja.<\/li>\n<\/ul>\n\n\n\n<ul class=\"wp-block-list\">\n<li>Aktivoi kaksi- (2FA) tai monivaihennen (MFA) autentikointi salasanan lis\u00e4ksi. T\u00e4m\u00e4 on mahdollisuus nyky\u00e4\u00e4n tarjolla l\u00e4hes kaikissa tileiss\u00e4. 2FA esimerkki: Salasana + autentikointisovellus. MFA: samat kuin edell\u00e4, lis\u00e4ttyn\u00e4 esimerkiksi sormi- tai kasvontunnistus.<\/li>\n\n\n\n<li>\u00c4l\u00e4 mene mihink\u00e4\u00e4n verkkopalveluun hakukoneen, s\u00e4hk\u00f6postin tai tekstiviestin liitteen\u00e4 tulleen linkin kautta, vaan mene palveluun suoraan kirjoittamalla verkko-osoite osoiteriville. Voit tarkistaa verkkolinkin luotetavuuden esimerkiksi verkkolinkin tarkistusohjelmalla (ks <a href=\"https:\/\/it-digiturva.fi\/index.php\/linkkeja\/\" data-type=\"link\" data-id=\"https:\/\/it-digiturva.fi\/index.php\/linkkeja\/\">linkit<\/a>) tai k\u00e4ytt\u00e4m\u00e4ll\u00e4 jotain tietoturvaohjelmistoa, mik\u00e4 tekee t\u00e4m\u00e4n automaattisesti. Ja kun olet todennut linkin luotettavasti tallenna se kirjainmerkkeihin ja k\u00e4yt\u00e4 sit\u00e4 sen kautta. T\u00e4m\u00e4 erityisen t\u00e4rke\u00e4\u00e4 pankkien ja maksupalveluiden tapauksesssa.<\/li>\n\n\n\n<li>K\u00e4yt\u00e4 jotain tietoturvaohjelmistoa, erityisen t\u00e4rke\u00e4\u00e4 t\u00e4m\u00e4 on Windows ja Android k\u00e4ytt\u00f6j\u00e4rjestelmiss\u00e4, mutta my\u00f6s esim. IPhone IOS:ssa se on my\u00f6s hy\u00f6dyllinen mm selaussuojan takia.<\/li>\n\n\n\n<li>K\u00e4yt\u00e4 verkkopankkitunnuksia vain pankkiin kirjautumiseen ja esimerkiksi julkishallinnon palveluihin mobiilivarmennetta (SIM-pohjainen varmenne) tai Hightrust.id-digilompakkoa, johon luetaan henkil\u00f6kortti (henkil\u00f6kortin kansalaisvarmenne). <\/li>\n\n\n\n<li>Ota varmuuskopiot t\u00e4rkeimmist\u00e4 tiedostoista<\/li>\n\n\n\n<li>Harkitse avainkoodien (passkey) k\u00e4ytt\u00f6\u00f6nottoa miss\u00e4 mahdollista, esim. Google -tili. Avainkoodi (passkey) on uusi tietoturvallinen salasanat korvaava tunnistautumismenetelm\u00e4, mit\u00e4 osa palveluista jo tukee.<\/li>\n\n\n\n<li>K\u00e4yt\u00e4 pankkiasiointiin \u00e4lypuhelimissa pankin tarjoamaa sovellusta selaimen sijaan. Tietokoneissa hyv\u00e4 idea olisi k\u00e4ytt\u00e4\u00e4 pankkiasiointiin omaa erillist\u00e4 selainta ja toista selainta sitten kaikkeen muuhun.<\/li>\n<\/ul>\n\n\n\n<ul class=\"wp-block-list\">\n<li>Jos jokin yll\u00e4tt\u00e4v\u00e4 taho pyyt\u00e4\u00e4 sinua asentamaan laitteellesi ohjelman, \u00e4l\u00e4 asenna.<\/li>\n\n\n\n<li>Pid\u00e4 kaikki tunnukset omana tietonasi j\u00e4 \u00e4l\u00e4 sy\u00f6t\u00e4 tunnuksia koskaan sivulle, mink\u00e4 aitoudesta et voi olla varma <\/li>\n\n\n\n<li>Jos saat s\u00e4hk\u00f6postin kirjautumisesta k\u00e4ytt\u00e4j\u00e4tilillesi, varmista ett\u00e4 olet todella kirjautunut itse tai jos et ole, mene v\u00e4litt\u00f6m\u00e4sti ko tilille ja vaihda salasana ja tarkista tilin tapahtumat, saatat olla joutunut ainakin tilin kaappausyrityksen kohteeksi.<\/li>\n<\/ul>\n","protected":false},"excerpt":{"rendered":"<p>Tietoturvaan ja yksityisyyteen liittyen on tarjolla paljon ohjeita ja suosituksia. T\u00e4ll\u00e4 sivulla lueteltu mielest\u00e4ni t\u00e4rkeimpi\u00e4:<\/p>\n","protected":false},"author":1,"featured_media":0,"parent":0,"menu_order":0,"comment_status":"closed","ping_status":"closed","template":"","meta":{"footnotes":""},"class_list":["post-91","page","type-page","status-publish","hentry"],"_links":{"self":[{"href":"https:\/\/it-digiturva.fi\/index.php\/wp-json\/wp\/v2\/pages\/91","targetHints":{"allow":["GET"]}}],"collection":[{"href":"https:\/\/it-digiturva.fi\/index.php\/wp-json\/wp\/v2\/pages"}],"about":[{"href":"https:\/\/it-digiturva.fi\/index.php\/wp-json\/wp\/v2\/types\/page"}],"author":[{"embeddable":true,"href":"https:\/\/it-digiturva.fi\/index.php\/wp-json\/wp\/v2\/users\/1"}],"replies":[{"embeddable":true,"href":"https:\/\/it-digiturva.fi\/index.php\/wp-json\/wp\/v2\/comments?post=91"}],"version-history":[{"count":38,"href":"https:\/\/it-digiturva.fi\/index.php\/wp-json\/wp\/v2\/pages\/91\/revisions"}],"predecessor-version":[{"id":641,"href":"https:\/\/it-digiturva.fi\/index.php\/wp-json\/wp\/v2\/pages\/91\/revisions\/641"}],"wp:attachment":[{"href":"https:\/\/it-digiturva.fi\/index.php\/wp-json\/wp\/v2\/media?parent=91"}],"curies":[{"name":"wp","href":"https:\/\/api.w.org\/{rel}","templated":true}]}}