{"id":200,"date":"2026-01-26T17:16:36","date_gmt":"2026-01-26T17:16:36","guid":{"rendered":"https:\/\/it-digiturva.fi\/?page_id=200"},"modified":"2026-01-26T17:22:47","modified_gmt":"2026-01-26T17:22:47","slug":"tietosuojaseloste","status":"publish","type":"page","link":"https:\/\/it-digiturva.fi\/index.php\/tietosuojaseloste\/","title":{"rendered":"Tietosuojaseloste"},"content":{"rendered":"\n<p>Rekisterinpit\u00e4j\u00e4:<\/p>\n\n\n\n<p><br>Yksityishenkil\u00f6<br><a href=\"mailto:tuki@it-digiturva.fi\">tuki@it-digiturva.fi<\/a><\/p>\n\n\n\n<p>T\u00e4m\u00e4 verkkosivusto on tarkoitettu vain sis\u00e4ll\u00f6n lukemiseen.<br>Sivusto ei sis\u00e4ll\u00e4 lomakkeita, k\u00e4ytt\u00e4j\u00e4tili\u00e4 eik\u00e4 ev\u00e4steit\u00e4.<\/p>\n\n\n\n<p>Verkkosivusto on toteutettu WordPress-julkaisuj\u00e4rjestelm\u00e4ll\u00e4.<br>WordPress ei ker\u00e4\u00e4 henkil\u00f6tietoja sivuston k\u00e4vij\u00f6ist\u00e4 ilman erillisi\u00e4 lis\u00e4osia tai toimintoja.<\/p>\n\n\n\n<p>Palveluntarjoaja:<br>Verkkosivusto on hostattu Domainhotelli.fi-palvelussa.<\/p>\n\n\n\n<p>Ker\u00e4tt\u00e4v\u00e4t tiedot:<br>Domainhotelli.fi ker\u00e4\u00e4 palvelun teknisen toteutuksen yhteydess\u00e4<br>lokitietoja, jotka voivat sis\u00e4lt\u00e4\u00e4 IP-osoitteen, selaintiedot,<br>ajankohdan ja pyydetyn sivun osoitteen.<\/p>\n\n\n\n<p>Tietojen k\u00e4ytt\u00f6tarkoitus:<br>Tietoja k\u00e4ytet\u00e4\u00e4n palvelun toiminnan varmistamiseen,<br>vikojen selvitt\u00e4miseen ja tietoturvaan.<\/p>\n\n\n\n<p>Tietojen s\u00e4ilytys:<br>Tietoja s\u00e4ilytet\u00e4\u00e4n Domainhotelli.fi:n k\u00e4yt\u00e4nt\u00f6jen mukaisesti.<\/p>\n\n\n\n<p>Rekister\u00f6idyn oikeudet:<br>Rekister\u00f6idyll\u00e4 on oikeus tarkastaa itse\u00e4\u00e4n koskevat tiedot,<br>pyyt\u00e4\u00e4 niiden oikaisua tai poistoa sek\u00e4 tehd\u00e4 valitus<br>tietosuojaviranomaiselle.<\/p>\n\n\n\n<p>Lis\u00e4tietoja Domainhotelli.fi:n tietosuojak\u00e4yt\u00e4nn\u00f6ist\u00e4:<br><a href=\"https:\/\/www.domainhotelli.fi\/tietosuojaseloste\/\">https:\/\/www.domainhotelli.fi\/tietosuojaseloste\/<\/a><\/p>\n","protected":false},"excerpt":{"rendered":"<p>Rekisterinpit\u00e4j\u00e4: Yksityishenkil\u00f6tuki@it-digiturva.fi T\u00e4m\u00e4 verkkosivusto on tarkoitettu vain sis\u00e4ll\u00f6n lukemiseen.Sivusto ei sis\u00e4ll\u00e4 lomakkeita, k\u00e4ytt\u00e4j\u00e4tili\u00e4 eik\u00e4 ev\u00e4steit\u00e4. Verkkosivusto on toteutettu WordPress-julkaisuj\u00e4rjestelm\u00e4ll\u00e4.WordPress ei ker\u00e4\u00e4 henkil\u00f6tietoja sivuston k\u00e4vij\u00f6ist\u00e4 ilman erillisi\u00e4 lis\u00e4osia tai toimintoja. Palveluntarjoaja:Verkkosivusto on hostattu Domainhotelli.fi-palvelussa. Ker\u00e4tt\u00e4v\u00e4t tiedot:Domainhotelli.fi ker\u00e4\u00e4 palvelun teknisen toteutuksen yhteydess\u00e4lokitietoja, jotka voivat sis\u00e4lt\u00e4\u00e4 IP-osoitteen, selaintiedot,ajankohdan ja pyydetyn sivun osoitteen. Tietojen k\u00e4ytt\u00f6tarkoitus:Tietoja k\u00e4ytet\u00e4\u00e4n palvelun toiminnan varmistamiseen,vikojen [&hellip;]<\/p>\n","protected":false},"author":1,"featured_media":0,"parent":0,"menu_order":0,"comment_status":"closed","ping_status":"closed","template":"","meta":{"footnotes":""},"class_list":["post-200","page","type-page","status-publish","hentry"],"_links":{"self":[{"href":"https:\/\/it-digiturva.fi\/index.php\/wp-json\/wp\/v2\/pages\/200","targetHints":{"allow":["GET"]}}],"collection":[{"href":"https:\/\/it-digiturva.fi\/index.php\/wp-json\/wp\/v2\/pages"}],"about":[{"href":"https:\/\/it-digiturva.fi\/index.php\/wp-json\/wp\/v2\/types\/page"}],"author":[{"embeddable":true,"href":"https:\/\/it-digiturva.fi\/index.php\/wp-json\/wp\/v2\/users\/1"}],"replies":[{"embeddable":true,"href":"https:\/\/it-digiturva.fi\/index.php\/wp-json\/wp\/v2\/comments?post=200"}],"version-history":[{"count":4,"href":"https:\/\/it-digiturva.fi\/index.php\/wp-json\/wp\/v2\/pages\/200\/revisions"}],"predecessor-version":[{"id":204,"href":"https:\/\/it-digiturva.fi\/index.php\/wp-json\/wp\/v2\/pages\/200\/revisions\/204"}],"wp:attachment":[{"href":"https:\/\/it-digiturva.fi\/index.php\/wp-json\/wp\/v2\/media?parent=200"}],"curies":[{"name":"wp","href":"https:\/\/api.w.org\/{rel}","templated":true}]}}